 of 30 and 114?
6
Calculate the greatest common factor of 534 and 1958.
178
What is the highest common divisor of 8455 and 95?
95
Calculate the highest common factor of 7136 and 4.
4
Calculate the highest common divisor of 54 and 189.
27
What is the greatest common factor of 2376 and 1566?
54
Calculate the greatest common divisor of 132 and 84.
12
What is the highest common factor of 202 and 505?
101
What is the greatest common factor of 28 and 938?
14
What is the highest common divisor of 858 and 1122?
66
Calculate the greatest common divisor of 1274 and 1092.
182
What is the greatest common divisor of 30 and 555?
15
What is the greatest common divisor of 1036 and 140?
28
Calculate the greatest common factor of 1850 and 50.
50
What is the greatest common divisor of 26 and 234?
26
What is the greatest common divisor of 52793 and 806?
403
What is the highest common factor of 1664 and 728?
104
Calculate the greatest common divisor of 5334 and 126.
42
What is the highest common divisor of 168 and 42?
42
Calculate the greatest common divisor of 4 and 360.
4
What is the greatest common divisor of 8379 and 18?
9
Calculate the highest common divisor of 4 and 168.
4
What is the highest common divisor of 7294 and 14?
14
What is the highest common factor of 300 and 12?
12
Calculate the highest common divisor of 1751 and 515.
103
What is the greatest common factor of 65 and 442?
13
Calculate the highest common factor of 35118 and 18.
18
Calculate the greatest common factor of 60 and 880.
20
Calculate the greatest common factor of 95 and 76.
19
Calculate the highest common divisor of 2451 and 855.
57
Calculate the highest common divisor of 156 and 8.
4
What is the greatest common factor of 832 and 64?
64
What is the highest common factor of 38 and 2546?
38
Calculate the highest common divisor of 77 and 77.
77
What is the greatest common factor of 96 and 32?
32
Calculate the highest common divisor of 355 and 35.
5
What is the highest common factor of 34 and 1377?
17
Calculate the highest common divisor of 90 and 980.
10
Calculate the highest common factor of 2886 and 39.
39
Calculate the greatest common factor of 26 and 5759.
13
Calculate the greatest common factor of 130 and 220.
10
What is the greatest common factor of 336 and 42?
42
Calculate the greatest common factor of 3699 and 548.
137
What is the highest common factor of 90 and 2770?
10
Calculate the highest common divisor of 38 and 6061.
19
Calculate the greatest common divisor of 760 and 1805.
95
Calculate the highest common divisor of 1554 and 84.
42
What is the greatest common factor of 1540 and 847?
77
What is the greatest common divisor of 2429 and 14?
7
What is the highest common divisor of 132 and 36?
12
What is the greatest common factor of 1035 and 23?
23
Calculate the highest common factor of 91 and 35.
7
What is the highest common divisor of 6 and 921?
3
What is the highest common factor of 33 and 77?
11
Calculate the greatest common factor of 574 and 28.
14
What is the highest common divisor of 72 and 456?
24
Calculate the highest common divisor of 469 and 14.
7
Calculate the greatest common divisor of 96 and 3.
3
Calculate the highest common factor of 54 and 882.
18
Calculate the highest common divisor of 23748 and 8.
4
What is the greatest common divisor of 1406 and 38?
38
What is the highest common divisor of 75 and 360?
15
Calculate the greatest common divisor of 1261 and 26.
13
Calculate the greatest common factor of 1037 and 17.
17
Calculate the greatest common divisor of 5 and 80.
5
What is the highest common divisor of 14 and 112?
14
What is the greatest common factor of 49 and 7?
7
Calculate the greatest common factor of 6 and 15.
3
What is the greatest common factor of 294 and 196?
98
What is the greatest common factor of 100 and 7975?
25
Calculate the highest common divisor of 3074 and 261.
29
Calculate the greatest common divisor of 35 and 10955.
35
What is the greatest common divisor of 20541 and 123?
123
What is the greatest common divisor of 2430 and 1026?
54
Calculate the highest common divisor of 9 and 6597.
9
What is the highest common factor of 413 and 118?
59
Calculate the greatest common factor of 74 and 1258.
74
What is the highest common factor of 20 and 20?
20
Calculate the highest common factor of 486 and 594.
54
What is the highest common factor of 22 and 660?
22
What is the highest common factor of 224 and 32?
32
Calculate the greatest common factor of 171 and 1197.
171
Calculate the highest common divisor of 80 and 32400.
80
Calculate the greatest common divisor of 231 and 539.
77
What is the highest common divisor of 35847 and 21?
21
What is the highest common divisor of 1855 and 3339?
371
Calculate the highest common factor of 477 and 1113.
159
Calculate the highest common divisor of 2025 and 75.
75
Calculate the greatest common factor of 135 and 5.
5
Calculate the highest common divisor of 368 and 23.
23
What is the highest common factor of 296 and 68?
4
Calculate the greatest common divisor of 29 and 59.
1
Calculate the greatest common factor of 265 and 5671.
53
What is the greatest common divisor of 2184 and 252?
84
What is the highest common factor of 61 and 10309?
61
Calculate the highest common factor of 6144 and 3.
3
What is the highest common divisor of 116 and 18618?
58
What is the greatest common factor of 1377 and 51?
51
Calculate the highest common divisor of 3 and 57.
3
What is the highest common factor of 532 and 1092?
28
Calculate the greatest common factor of 72 and 90.
18
Calculate the greatest common divisor of 12489 and 138.
69
What is the highest common divisor of 27 and 48?
3
Calculate the highest common factor of 10595 and 195.
65
What is the greatest common divisor of 425 and 20?
5
What is the highest common factor of 3 and 1500?
3
Calculate the greatest common divisor of 960 and 60.
60
Calculate the highest common factor of 7 and 1981.
7
What is the highest common divisor of 105 and 210?
105
Calculate the highest common divisor of 22 and 4092.
22
What is the greatest common divisor of 188 and 8?
4
Calculate the highest common divisor of 120 and 975.
15
What is the greatest common factor of 59019 and 309?
309
Calculate the highest common divisor of 3476 and 79.
79
Calculate the greatest common factor of 5467 and 77.
77
Calculate the greatest common divisor of 152 and 104.
8
Calculate the greatest common factor of 12 and 228.
12
What is the highest common factor of 2101 and 77?
11
Calculate the greatest common factor of 64 and 576.
64
What is the highest common divisor of 27 and 63?
9
What is the highest common factor of 440 and 160?
40
Calculate the highest common factor of 13392 and 648.
216
Calculate the highest common factor of 456 and 19.
19
Calculate the highest common divisor of 374 and 68.
34
What is the greatest common factor of 2403 and 623?
89
What is the highest common factor of 100 and 550?
50
What is the greatest common divisor of 14755 and 195?
65
Calculate the highest common factor of 42 and 7539.
21
Calculate the greatest common divisor of 20 and 64.
4
Calculate the highest common factor of 400 and 1125.
25
What is the greatest common divisor of 335 and 5?
5
Calculate the highest common factor of 15 and 885.
15
Calculate the greatest common factor of 3193 and 31.
31
What is the greatest common factor of 133 and 56?
7
Calculate the greatest common divisor of 320 and 400.
80
Calculate the greatest common divisor of 90 and 792.
18
Calculate the greatest common divisor of 221 and 17.
17
Calculate the highest common factor of 15048 and 18.
18
What is the greatest common divisor of 1752 and 24?
24
What is the greatest common divisor of 276 and 6?
6
What is the greatest common divisor of 5 and 50?
5
What is the greatest common factor of 528 and 297?
33
What is the greatest common divisor of 13 and 4?
1
What is the highest common factor of 35 and 343?
7
Calculate the greatest common factor of 176 and 88.
88
What is the highest common factor of 25 and 40?
5
What is the highest common factor of 7 and 707?
7
Calculate the highest common divisor of 95 and 30020.
95
What is the greatest common factor of 15 and 3435?
15
What is the greatest common factor of 4210 and 55?
5
Calculate the highest common divisor of 12 and 220.
4
C